 -4 - (6 + 0 - -4).
-5
Calculate -5 - (5 - 12) - (47 + -35).
-10
Calculate -26 + (-21 + 7 - (-6 - 12)).
-22
-14 - (10 - 25 - 1)
2
What is -1 + -9 + 16 - 2?
4
Calculate (-15 - -13) + 14 + 2 + 14.
28
What is the value of -21 - (-11 - (20 + -16))?
-6
What is the value of 0 + 3 + -5 + -5 + (10 - 2)?
1
Calculate 1 - -25 - (-834 - -848).
12
1 - (-2 + (2 - -5) + -4)
0
Evaluate (-2 + -1 - (4 + -3)) + 2 - 6.
-8
What is 13 + (2 - 7 - -13 - 3)?
18
What is the value of -9 + (3 - 7 - (18 - 9))?
-22
What is (441 - 434) + -2 + (-1 - 0)?
4
What is -13 + -20 + 27 + (4 - 11)?
-13
(10 - 18) + -20 + 29
1
(-19 - -23) + (-7 - 6) - 21
-30
-61 + 43 - (1 - 10)
-9
What is 2 + (4 - 3) + -3?
0
What is 6 + (7 - (0 + 6) - (2 - -25))?
-20
Calculate 1 + 2 - (-1163 + 1175).
-9
What is 32 - 39 - ((-20 - -1) + 6)?
6
Evaluate (5 + -8 - (2 + 13)) + (5 - 2).
-15
(15 - (0 + 0)) + 109 + -147
-23
-2 + -8 - (-17 + 5 - -6)
-4
What is the value of 1 + -1 + (-4 - -3) - 6 - -3?
-4
1 + (-3 - -3) + 34 + (32 - 71)
-4
What is the value of 3 + (-9 - -30) + -18?
6
(9 - (4 - 12)) + -6
11
Calculate 2 + (-6 + 7 - 11) - (-4 + 2).
-6
Calculate -32 - (8 + -27) - -3.
-10
Calculate -18 - (4 - (13 + (2 - 4))).
-11
44 + -30 + (-4 - 15)
-5
Calculate -13 + (37 - 30) - (-2 - (-1 + 24)).
19
Calculate 0 + -38 - (479 - 500).
-17
(20 - 11) + -22 + 8
-5
Evaluate -41 + 64 + -42 + 16.
-3
What is the value of (10 - 7) + -1 - 16 - -12?
-2
(17 - 31) + 31 + -13
4
What is the value of -4 + (1 - 11) + (4 - -6 - 5)?
-9
Calculate -2 - (4 - 14) - (74 + -31).
-35
67 + -34 + -42 + 0
-9
What is the value of -7 - (-1 - (-12 - -6)) - (-1 - 1)?
-10
Evaluate (-7 - 0) + 2 + -48 + 73 + -23.
-3
What is -10 + 36 + -11 + 12 + 11?
38
What is the value of -2 + (12 - 18) + 0?
-8
What is (2 - -20) + (-4 - (-5 + 9))?
14
What is the value of 6 - (8 + 10 + -13 + -5)?
6
Evaluate 2 - 11 - (0 + 2 - (298 - 290)).
-3
21 - (-22 + (65 - 35))
13
What is the value of 1 + 15 + 0 + 0 + 1?
17
Evaluate 11 + (-22 - (-2 + -12)).
3
What is -4 - (-9 + 8 + 7 + 2)?
-12
What is -5 + (2 - (-12 + (2 - -10)))?
-3
Calculate -2 + 9 - -1 - ((198 - 104) + -89).
3
-7 + (1 - (6 + (4 - 2))) + 4
-10
What is the value of (0 - -3) + 17 + (-12 - -13) + -10?
11
What is 1 + -12 - (8 - (11 + 7) - -8)?
-9
What is 1 + -44 - -21 - -1?
-21
Calculate (2 - (-4 + 3) - -2 - -6) + -2.
9
What is the value of (1 + 8 - (-288 + 293)) + 0?
4
What is the value of (61 - (40 - -6)) + 4?
19
Calculate (11 - 14) + (10 - -1).
8
What is the value of -8 - -6 - (4 - 19 - -5)?
8
What is the value of (-5 - (5 - (18 + -15))) + (0 - 0)?
-7
What is the value of (9 - (14 - (-6 - -13))) + 0 + -16?
-14
Evaluate 4 - (-2 + 14 + -7) - -13.
12
Evaluate 1 - -1 - -1 - ((9 - 4) + -2).
0
What is -7 - (9 - 5 - ((13 - 2) + -14))?
-14
What is 5 - (5 + -1 + (15 - (2 + 9)))?
-3
Evaluate 11 + -6 + (1 - (-10 + 19) - 7).
-10
What is the value of 5 + -7 + 4 + 10?
12
Evaluate (-1 - (2 + -4) - (-108 + 104)) + 3.
8
Calculate -30 + (34 - 8) + (0 - 2 - 1).
-7
-7 + (-1 - (7 + (-7 - -2)) - -3)
-7
Evaluate -7 + (19 - 16 - (-5 - 6)).
7
Calculate -56 - (-83 + 21) - (0 - -1 - -1).
4
-17 + 30 + (3 - 2) + -2
12
What is 3 - ((-8 - 0) + 5 - (1 - -7))?
14
What is the value of 19 + -2 - 4 - (-112 - -118)?
7
What is 36 - ((12 + -3 - 4) + (32 - 26))?
25
4 - (4 + (-7 - -12 - -2))
-7
What is 24 - (30 + -1 + -5)?
0
Evaluate (-3 - (-26 - -17 - (2 + -8))) + 8.
8
(0 - -6) + (-23 - -15) + 17
15
What is the value of -3 - (1 + (-11 - (-3 + 5)) + 5)?
4
Evaluate -1 + 5 + (32 - -2 - 39).
-1
What is the value of -3 + -14 + 25 + (-34 - -8)?
-18
What is 21 - ((5 - -3) + (3 - 1))?
11
What is 0 - (0 - -11 - (-20 + 24)) - -16?
9
What is (71 - 81) + (1 - 1 - (-39 - -1))?
28
What is the value of -10 + 6 + -4 + 11?
3
13 + 0 + (-13 - -9)
9
Calculate -5 + -3 + (-12 - -8) + 10.
-2
Calculate -26 + 29 + (6 + 1 - 14).
-4
Calculate -8 + (47 - 24) - -3.
18
What is the value of 22 + -1 - (10 - (-12 + 1 + 21))?
21
Evaluate (0 - 2) + 13 + 11 + -6.
16
Calculate 69 + -91 - (-3 + -3 + 5 - 8).
-13
(-11 - -12) + -29 + 22
-6
Evaluate (3 - 4 - 22) + 46 + -52.
-29
(-2 + 4 - 4) + 7 + 1 - 19
-13
-17 + -23 + 17 + 34
11
3 + 4 + (3 + 1 - 9)
2
Evaluate 14 - 9 - ((-2 - -4) + -7).
10
Evaluate 14 + 6 + -4 + -26.
-10
What is the value of -2 + ((-3 - -1) + (56 - 49) - 0)?
3
10 - (2 - (-2 - -2) - (-5 - -3))
6
Calculate -5 + 21 + 10 + -16.
10
What is -18 + 13 + 7 + -20?
-18
Calculate 7 + (-5 - -6) - (-4 - -21).
-9
Calculate -2 - (11 - (6 - 12 - -25)).
6
14 + ((5 - 8) + 11 - (9 + -1))
14
Evaluate 0 + -1 + -6 + (-9 - -3) + 29.
16
(-8 - -1) + (-113 - -114)
-6
Calculate (-36 + -9 - (-15 + -1)) + 2.
-27
(47 - (6 - 0)) + (-13 + -2 - -10)
36
What is 128 - 122 - (-2 + 10)?
-2
What is (0 - (39 + -40 - (0 + 5))) + -12?
-6
What is the value of 8 + ((-2 - -1) + -6 - -9) + 1?
11
Evaluate (55 - 10) + -24 - (-2 + 2).
21
What is the value of 6 - ((1 - 2) + -17 + -16 + 25)?
15
Evaluate 5 + -2 + -9 + -108 + 124.
10
What is -5 + -2 + (-87 - -86)?
-8
-2 + 2 - ((-9 - -10) + 0 + -3)
2
-6 - (5 + 3 + -10 + 13)
-17
What is -33 + -16 - -17 - 1 - (-4 - 4)?
-25
9 - ((-1 - -9 - -2) + (-13 - -24))
-12
Evaluate 204 + -241 - (2 - 70).
31
What is 493 - 500 - (1 - -2)?
-10
What is 7 + 1 + -4 - (3 - (3 + -8))?
-4
What is 3 + 7 + 15 + -9 + 0 + -1?
15
Evaluate -11 + (17 + -9 - 9).
-12
What is the value of (2 - (-6 - -10)) + 9?
7
-92 - -89 - (2 + 3 + (-2 - 1))
-5
What is the value of -5 - (-4 + -10 + -3 - -4 - -8)?
0
Calculate (-39 + 5 - -23) + 19.
8
What is -1 + 7 + 0 + -23 + 32 + -24?
-9
(-36 + 17 - -20) + 21
22
0 + -1 + 0 + (23 - (21 - -7))
-6
Evaluate 11 + (-8 - -4) + -1 + 55 + -49.
12
Calculate 10 + -3 + -12 + 0.
-5
Evaluate 10 + -3 + (-23 - -24) + -17 - -28.
19
-3 + 1 + -3 - (94 - 93) - -6
0
What is the value of -9 + -16 + 26 + (0 + 27 - -3)?
31
(5 - 2 - 3 - (-105 - -106)) + 6
5
Calculate (-11 - 0) + 7 + 14 + (-11 - 12).
-13
Calculate 12 + (-4 - -21) + (-12 - 0).
17
Calculate -10 + (-16 - 1 - -39).
12
What is the value of 11 + (6 + 2 - 6) + -5 + 0?
8
Evaluate -2 - (-15 + 28 - 6 - 1).
-8
What is -1436 - -1434 - (0 - 2)?
0
Calculate 17 + -18 + (4 - -4 - (-4 + 4)).
7
Evaluate -17 + -17 + 18 + 5 + -16.
-27
Calculate -24 - -21 - 12 - (4 + 3).
-22
Evaluate -28 + 18 - (-2 + 3 - 5).
-6
What is the value of -31 - (-38 - (-23 + 22))?
6
Calculate 2 - (0 - -2) - -15 - (1557 + -1551).
9
Calculate (7 - 2) + -2 + (1 - 2) + 6.
8
What is -2 - (-11 + 9 + -5 + 34)?
-29
Calculate (-3 - (-6 - -15)) + -2.
-14
What is -8 - 0 - -13 - -1?
6
What is -19 - 1 - (-647 + 630 - (-11 + 1))?
-13
What is 22 + 4 + -2 + 395 + -397?
22
Calculate 2 + (6 - (7 + -1)) + 0 - -9.
11
Evaluate (17 - (32 + -46)) + -5.
26
1 + -1 + (-2 - -1) - (-6 + 3)
2
Evaluate -36 + (104 - (10 + 27)).
31
Calculate 20 + -6 + (3 - -2) + (13 - 8).
24
(-7 - -10 - -14) + -13
4
Calculate -2 + (2 - 3) + -3 + 10.
4
Calculate -13 + 12 - (7 - 5 - -7) - 4.
-14
Evaluate 61 + -28 + -25 + -31.
-23
What is 4 + -14 + (15 - 37)?
-32
What is the value of ((-3 - 2) + 9 - 16) + (1 - 3)?
-14
-91 + 77 + (1 - -5) - -6
-2
Evaluate 1 + -3 + 1 - (4 + 28 + -26).
-7
Evaluate (3 - (9 + -6)) + (7 - 4 - 5).
-2
What is 5 - (-42 - -14 - -56)?
-23
Evaluate 1 + (-16 - -19) - (3 - -2) - 22.
-23
Calculate -13 - ((5 - 2) + -4 + -4).
-8
Calculate (-3 - -38) + 185 + -244.
-24
What is 22 + (-30 - (-12 - 12))?
16
What is -21 + 33 + (-11 - -1) - (12 + 0)?
-10
Evaluate 11 - (7 + 4 - -6).
-6
What is 19 + -6 + 9 + -7?
15
Calculate -16 + (4 - (6 - 4)) + (2 - -3).
-9
8 - (14 - (-13 + 5 + (8 - 5)))
-11
Evaluate 6 + (-8 - 11) + 6 + 4.
-3
What is -15 + (15 - 0) + 17 + -12 + -12?
-7
What is -1 - (-20 + -3 + 14) - (0 + 17)?
-9
-3 + 0 - (23 - (20 - -12))
6
What is 19 + -12 + 2 + -12 + 12?
9
What is (-3 - (6 + -4)) + (43 - 17)?
21
-15 + -31 + -2 + 14 + 10
-24
Calculate -8 + -1 - (7 - 3 - 1 - 14).
2
What is the value of 13 + -24 - 12 - -12?
-11
Calculate -141 - -140 - (0 + 2) - -13.
10
23 - (14 - 5) - 10 - (0 + 24)
-20
Calculate (7 + 1 - (36 - 39)) + (-3 - 2).
6
Calculate -9 - (-34 + 43) - (1 - -6).
-25
Calculate -368 - -356 - (0 + -36).
24
What is the value of 7 - (4 - (-2 + 3) - -1 - 13)?
16
Calculate (-3 + -13 - -10) + 0 + 11.
5
-11 - (-6 - ((2 - 0) + (42 - 49)))
-10
-35 + 26 + (13 - 6) + 0 + 29
27
Calculate 8 + 1 - (9 + 6 - 16) - 7.
3
-35 + 33 - ((8 - 3) + -11 - -18)
-14
Calculate 1 + (0 - 2) + 4 + 0.
3
What is the value of -44 + 44 +